rime factors of h.
2
Suppose 0*b = 3*b - 159. Let y = -31 + b. List the prime factors of y.
2, 11
Suppose 0 = d + 2*d - 3. Suppose p - 2*g = 24, d - 53 = -2*p + 3*g. Let b = p + -19. What are the prime factors of b?
13
Let z(w) = 4*w**2 - 6*w - 8. What are the prime factors of z(-6)?
2, 43
Suppose -2*u = -w + 9, 2*u + 24 = 5*w + 3. Suppose w*z + 9 - 3 = 3*o, -o - 2*z + 17 = 0. What are the prime factors of o?
7
Suppose -4*n + 2*o = -o - 60, 5*n - 3*o = 75. What are the prime factors of n?
3, 5
Suppose 3 = -2*l + 3*y + 4, 0 = -2*l - 2*y + 6. Let d be ((-3)/l)/(-1)*-6. Let i = -1 - d. List the prime factors of i.
2
Suppose -7*a + 360 + 228 = 0. List the prime factors of a.
2, 3, 7
Let t(p) = -7*p + 4*p**2 - p**2 + 4 + 3*p. Suppose -3*f = 0, 5 + 1 = 2*m + f. What are the prime factors of t(m)?
19
Suppose 0 = -2*y + 9 + 51. What are the prime factors of y?
2, 3, 5
Suppose 5*j = 235 + 90. List the prime factors of j.
5, 13
List the prime factors of (22/(-66))/((-2)/192).
2
Suppose 4*y + 2 - 30 = 0. Suppose -27 = 6*z - y*z. What are the prime factors of z?
3
List the prime factors of -4 + 201/(-6)*-2.
3, 7
Let z(u) = -3*u - 7. List the prime factors of z(-5).
2
Suppose 3*x = 30 - 0. Suppose -54 = -2*u - r, 3*r = -2*r - x. List the prime factors of u.
2, 7
Let q(u) = -u**2 - 5*u + 2. Suppose i + 4*i - 5 = -2*m, -m + 2*i = 11. Let z be q(m). List the prime factors of 1/2 + 3/z.
2
Let x(c) = -c - 3*c**3 + 10*c**2 - 3 + 5*c**3 + 2 - c**3. What are the prime factors of x(-10)?
3
Suppose -4*y = -4*g - 3 - 25, y + 4*g = -18. Suppose 3*i = -4*f + 6*i - 33, -y*i - 24 = 5*f. List the prime factors of 19/2 - (-3)/f.
3
Let q(h) be the third derivative of -5*h**4/24 + h**2. What are the prime factors of q(-2)?
2, 5
Let v(q) = -4*q**3 + 12*q**2 + 7*q - 7. Let t(f) = f**3 - f**2. Let x(d) = -5*t(d) - v(d). List the prime factors of x(-6).
13
List the prime factors of (1694/28)/((-2)/(-8)).
2, 11
Suppose 5*y = -m + 6*m + 35, 25 = 5*y - 3*m. Suppose 0 = y*i - 6 - 8. Suppose -i - 1 = -n. List the prime factors of n.
2
Let j(h) = 2 - 8 + 3*h + 1. List the prime factors of j(12).
31
What are the prime factors of -1 - 1/(1/(-14))?
13
Suppose 0 = 4*v - 65 - 187. Let k be (v/6)/(2/4). Suppose 1 = 2*f - y - 8, 0 = -3*f - y + k. What are the prime factors of f?
2, 3
Let n be 1*(1 + 1 + -35). Let l = -21 - n. What are the prime factors of l?
2, 3
Let l = 46 + -25. List the prime factors of l.
3, 7
Let p be 2/(-4) - 1690/(-20). Let s = p - 49. List the prime factors of s.
5, 7
Let j = 6 + -6. Suppose -f + 19 = 2*f - 5*r, 3*f + 3*r - 3 = 0. Suppose w = -j*w + f. What are the prime factors of w?
3
Let j(v) be the second derivative of -v**3/3 - v**2 + 5*v. Suppose -2*n + 4*n - 3*y + 16 = 0, -3*n = -y + 10. List the prime factors of j(n).
2
Let j = -82 - -132. Suppose 2*y + 10 = 0, 0*v - 5*v + j = -y. List the prime factors of v.
3
Suppose -4*k + 2*f + 418 = 0, 3*k + 119 - 430 = f. What are the prime factors of k?
2, 3, 17
Let s(x) = -x**2 - 6*x + 6. Suppose -f - 5*k + 28 = -0*f, -4*f + 64 = -4*k. Suppose -4*y - f = -y. List the prime factors of s(y).
2, 3
Let f = 9 - 7. Suppose g + 0*g - f = 0. Suppose 0 = -p + 4*y - 16, -4 = p - 2*y + g. What are the prime factors of p?
2
Let c be (16/10)/(3/(-15)). Let h = 15 - c. List the prime factors of h.
23
Suppose -105 = -4*w - w. Let l = w - -14. List the prime factors of l.
5, 7
What are the prime factors of (0 + 376 - 0)*1/2?
2, 47
Let t = 242 - 180. List the prime factors of t.
2, 31
Suppose 2*k + 3*n - 16 = 156, 0 = -3*k - 5*n + 258. What are the prime factors of k?
2, 43
Suppose -10 = 2*z - 4*z + 2*u, -u - 17 = -5*z. Suppose 7*v - z*v = -84. Let r = v + 39. List the prime factors of r.
2, 3
Suppose 2*r = 3*d + 2*d + 38, 17 = -2*d - r. Let s = d + 14. List the prime factors of s.
2, 3
Let x(q) = -4*q - 1. Let m be x(-1). Suppose m*o = 6 + 9. Let f(z) = -z**3 + 5*z**2 + 3*z - 6. List the prime factors of f(o).
3
Suppose 3*y = -9, 3*y - 48 = -3*u - 132. Let d = u + 49. What are the prime factors of d?
2, 3
Let v(k) = 3*k**2 + 2. Let q be (6/(-9))/(2/6). What are the prime factors of v(q)?
2, 7
Let c(r) be the third derivative of 3*r**2 + 0 - 1/24*r**4 + 0*r + 2/3*r**3. What are the prime factors of c(-5)?
3
Suppose 2*u = -1 - 5. Let o be (-2 - -7)*u/(-1). What are the prime factors of (o/(-4) - -1)*-4?
11
Let k(y) = -y + 6. What are the prime factors of k(-11)?
17
Let p(c) = 4*c + 6. Let l be p(6). List the prime factors of (-190)/4*(-24)/l.
2, 19
Let w(x) = 2*x**2 - 6*x - 4. Let o be w(5). Let y = -6 + o. What are the prime factors of y?
2, 5
Let o be 5/(-1 + 1 + 1). Suppose -2*r - 12 = -o*r. Suppose 0*b = -4*w + 4*b, 2*w + r*b = 18. What are the prime factors of w?
3
Suppose -g - 2*g - 2 = n, -4*g - 4 = n. Suppose p - 6 = 2*d, 4*p - 4*d = 20 - n. List the prime factors of 3 + (-2 - (0 - p)).
3
Let o = -94 + 139. What are the prime factors of o?
3, 5
Let s be 0/(0 + 2) + 0. Suppose 2*m - 54 = -s*m. List the prime factors of m.
3
Suppose 0 = 5*w - 10 - 100. What are the prime factors of w?
2, 11
Let v(m) = 10*m + 1. Let r(i) = 21*i + 3. Let u(y) = -4*r(y) + 9*v(y). What are the prime factors of u(2)?
3
Let q = 18 - 10. What are the prime factors of 1 + 34/(q/4)?
2, 3
Suppose 0 = -3*z + 5*z. Suppose z = -2*q + 15 + 3. What are the prime factors of q?
3
Let u be (-6)/(-4) - (-21)/(-14). Suppose 3*w - 42 - 63 = u. What are the prime factors of w?
5, 7
Suppose 36 + 4 = 4*w. Suppose -2*s + 7*s = w. Suppose -2*o = -2*l - 0*o, 12 = s*l + o. List the prime factors of l.
2
Let u = 20 + -8. Let n = u + 2. Suppose 0*q - q + n = 0. What are the prime factors of q?
2, 7
Let g(a) = -5*a - 3. Suppose 3*h + 25 = -5*i, -i = 4*i - 4*h - 10. List the prime factors of g(i).
7
Let j(k) = -2*k - 6. Let g be j(-4). Suppose -g*y - 10 = -7*y. Suppose -3*n = y*n - 40. What are the prime factors of n?
2
Suppose 4*w = 13 + 7. Let t = 6 - 8. Let f = w + t. What are the prime factors of f?
3
Let v be ((-13)/3 - -4)*0. Let w(c) = -c**3 - c**2 + c + 2. List the prime factors of w(v).
2
Suppose 0 = 4*u - 2*u. Let o(j) = j**3 - j**2 + j + 24. List the prime factors of o(u).
2, 3
Let n = -115 - -167. What are the prime factors of n?
2, 13
Let r = -11 - -20. Let j = 6 + r. What are the prime factors of j?
3, 5
Suppose -281 = -4*d + 499. What are the prime factors of d?
3, 5, 13
Let m be 1 + 3 + -2 - -10. Let v be (6/(-4))/(m/(-32)). Suppose -v*b = b - 45. What are the prime factors of b?
3
Let r(t) = -t**2 + 8*t - 1. Let c = 5 + 1. List the prime factors of r(c).
11
Let i be 3/9 - (-74)/3. Suppose 4*w + w = i. What are the prime factors of w?
5
Let h be (-2)/7 + 48/(-28). Let y(d) = 3*d**3 + d**2 - 2*d + 1. Let u be y(h). What are the prime factors of u*(-3 - (-2 - 0))?
3, 5
Let o(l) = -2*l. Let g be o(-4). Let b = g + -6. List the prime factors of b.
2
Let c(k) = 211*k + 8. What are the prime factors of c(1)?
3, 73
Suppose -55 = -5*j + 5*l, -3 = -j - l - 2. Let g be (-2)/6 - 16/j. List the prime factors of 3/(-3)*-16 - g.
19
Suppose -588 + 124 = -8*j. What are the prime factors of j?
2, 29
Let f be -6 - -1 - (1 - 2). Let t = -4 - f. Suppose -5*v + 8*v - 33 = t. What are the prime factors of v?
11
Let g be 0/(-2 + 1 - 0). Let j = g + 3. Let f(x) = 3*x - 3. What are the prime factors of f(j)?
2, 3
Let h(q) = 24*q**2 + 2*q. List the prime factors of h(2).
2, 5
Let p be (-153)/(-45) + 2/(-5). Let n = p - -9. What are the prime factors of n?
2, 3
Suppose 0 = 100*k - 105*k + 640. What are the prime factors of k?
2
Suppose 4*s = 5*m + 90, 108 = 5*s + 2*m + 12. Suppose s = 5*k, -k = 5*j - 2*k - 51. What are the prime factors of j?
11
Let r(b) = -2*b**3 + 5*b**2 - 2*b - 3. Suppose -5*t - 12 = -4*g - 2*t, 2*t = 0. Let z be r(g). What are the prime factors of 52/9 + (-4)/z?
2, 3
Let o = 3 - 3. Suppose -4 + o = -2*k. List the prime factors of k.
2
Let n be (-7)/(-14) - (-17)/(-2). List the prime factors of n/(1*(-4)/8).
2
Let v be (6/(-2))/(-3) + 2. Suppose 12 = -0*f + v*f. Suppose 0 = u - 3*b - 21, f*b + 40 = 4*u + 3*b. What are the prime factors of u?
3
Suppose 5*m = 10*m - 230. List the prime factors of m.
2, 23
Let k be (0/(-5))/(-1 - 0). Suppose 3*n - 12 = k, 3*v + 2*n - 4*n - 64 = 0. List the prime factors of v.
2, 3
Suppose -4*g - 24 = -a, -5*a - g + 36 = -0*g. Let p =